t is the remainder when 59235378 is divided by 705183?
6
Calculate the remainder when 519620 is divided by 682.
618
Calculate the remainder when 5839270 is divided by 60823.
262
Calculate the remainder when 1075341 is divided by 537409.
523
Calculate the remainder when 2884464 is divided by 123.
114
What is the remainder when 123202 is divided by 17566?
240
Calculate the remainder when 2044387 is divided by 156.
7
Calculate the remainder when 218912 is divided by 109400.
112
Calculate the remainder when 504028 is divided by 20161.
3
What is the remainder when 2866553 is divided by 14?
11
Calculate the remainder when 329786 is divided by 2705.
2481
What is the remainder when 3286224 is divided by 48?
0
Calculate the remainder when 1364149 is divided by 341013.
97
What is the remainder when 130637 is divided by 58?
21
What is the remainder when 66872897 is divided by 20?
17
What is the remainder when 877748305 is divided by 23?
18
Calculate the remainder when 4899850 is divided by 1154.
1120
Calculate the remainder when 139759 is divided by 12696.
103
What is the remainder when 3288197 is divided by 93?
89
Calculate the remainder when 47731611 is divided by 115.
56
Calculate the remainder when 191860 is divided by 5485.
5370
What is the remainder when 3773161 is divided by 151?
124
What is the remainder when 479528 is divided by 53192?
800
Calculate the remainder when 414780 is divided by 818.
54
Calculate the remainder when 47529 is divided by 9467.
194
What is the remainder when 7433306 is divided by 4926?
4898
Calculate the remainder when 1378634 is divided by 9999.
8771
What is the remainder when 247856 is divided by 1530?
1526
What is the remainder when 507257 is divided by 2698?
33
What is the remainder when 418866 is divided by 8910?
96
What is the remainder when 18176720 is divided by 19887?
2
What is the remainder when 446951 is divided by 2502?
1595
What is the remainder when 2302304 is divided by 104650?
4
Calculate the remainder when 40569 is divided by 3946.
1109
Calculate the remainder when 48228575 is divided by 11.
10
Calculate the remainder when 1961574 is divided by 4408.
14
What is the remainder when 182498 is divided by 1201?
1147
Calculate the remainder when 77292 is divided by 25281.
1449
What is the remainder when 18582078 is divided by 87?
9
What is the remainder when 776945 is divided by 84?
29
Calculate the remainder when 2697033 is divided by 899000.
33
What is the remainder when 867847 is divided by 86702?
827
Calculate the remainder when 1350395 is divided by 1306.
1297
Calculate the remainder when 31110 is divided by 439.
380
Calculate the remainder when 4513795 is divided by 7.
6
What is the remainder when 71435428 is divided by 10558?
0
What is the remainder when 2211898 is divided by 8637?
826
Calculate the remainder when 82060615 is divided by 27353526.
37
What is the remainder when 217035 is divided by 256?
203
Calculate the remainder when 12580729 is divided by 1812.
13
What is the remainder when 1350242 is divided by 526?
0
Calculate the remainder when 638125 is divided by 53177.
1
What is the remainder when 34372 is divided by 16160?
2052
What is the remainder when 7485839 is divided by 1871457?
11
Calculate the remainder when 62816 is divided by 987.
635
What is the remainder when 513558 is divided by 536?
70
What is the remainder when 5998618 is divided by 7671?
7567
Calculate the remainder when 41275211 is divided by 5159400.
11
What is the remainder when 2625598 is divided by 48?
46
Calculate the remainder when 11908904 is divided by 33.
29
What is the remainder when 205316 is divided by 41008?
276
Calculate the remainder when 11132975 is divided by 1636.
1631
Calculate the remainder when 2601751 is divided by 289080.
31
Calculate the remainder when 85115115 is divided by 79.
41
What is the remainder when 1106943906 is divided by 2852?
2850
What is the remainder when 911753 is divided by 911659?
94
Calculate the remainder when 5263989 is divided by 97.
90
What is the remainder when 56448831 is divided by 4?
3
Calculate the remainder when 19607879 is divided by 252.
11
What is the remainder when 43220718 is divided by 80?
78
Calculate the remainder when 138673 is divided by 1366.
707
What is the remainder when 299409 is divided by 9072?
33
What is the remainder when 48358 is divided by 9649?
113
Calculate the remainder when 7972 is divided by 3698.
576
Calculate the remainder when 5830277 is divided by 40.
37
Calculate the remainder when 404492 is divided by 3316.
3256
Calculate the remainder when 27960 is divided by 204.
12
Calculate the remainder when 6619342 is divided by 1760.
1742
What is the remainder when 174845 is divided by 534?
227
Calculate the remainder when 243149 is divided by 10073.
1397
Calculate the remainder when 4154986 is divided by 1670.
26
Calculate the remainder when 5189728 is divided by 838.
832
What is the remainder when 2563869 is divided by 13?
9
Calculate the remainder when 1054507 is divided by 808.
67
What is the remainder when 19010 is divided by 422?
20
What is the remainder when 3282000 is divided by 30?
0
What is the remainder when 502999 is divided by 167652?
43
What is the remainder when 2239551 is divided by 195?
171
What is the remainder when 1990977 is divided by 12601?
19
Calculate the remainder when 22696632 is divided by 1187.
5
What is the remainder when 6052706 is divided by 10382?
0
Calculate the remainder when 99184 is divided by 24641.
620
Calculate the remainder when 142364 is divided by 35334.
1028
What is the remainder when 5478937 is divided by 1136?
9
What is the remainder when 13503066 is divided by 6751524?
18
What is the remainder when 1698972 is divided by 216?
132
What is the remainder when 35548 is divided by 1618?
1570
What is the remainder when 501527 is divided by 575?
127
Calculate the remainder when 2334841 is divided by 166772.
33
Calculate the remainder when 7751646 is divided by 30044.
294
What is the remainder when 13984436 is divided by 216?
164
What is the remainder when 491995 is divided by 123?
118
What is the remainder when 11848892 is divided by 74521?
53
What is the remainder when 1390653 is divided by 1187?
676
Calculate the remainder when 4664552 is divided by 195.
152
Calculate the remainder when 315308 is divided by 2815.
28
Calculate the remainder when 47482965 is divided by 18.
9
What is the remainder when 224319 is divided by 891?
678
What is the remainder when 107529238 is divided by 840?
838
What is the remainder when 59553927 is divided by 17030?
17
Calculate the remainder when 60636226 is divided by 19062.
4
Calculate the remainder when 65253 is divided by 21254.
1491
Calculate the remainder when 280744793 is divided by 2949.
2942
What is the remainder when 2377634 is divided by 644?
630
What is the remainder when 2575383 is divided by 1701?
69
Calculate the remainder when 498526 is divided by 4985.
26
What is the remainder when 1630744 is divided by 93?
82
Calculate the remainder when 312879844 is divided by 1619.
1618
What is the remainder when 1949912 is divided by 104?
16
Calculate the remainder when 359882 is divided by 1538.
1528
Calculate the remainder when 1417131 is divided by 151.
147
Calculate the remainder when 57116 is divided by 14105.
696
What is the remainder when 32949085 is divided by 1047?
1042
What is the remainder when 1826903 is divided by 717?
704
What is the remainder when 90004 is divided by 5623?
36
What is the remainder when 6071907 is divided by 1983?
1944
What is the remainder when 2605052 is divided by 144703?
398
What is the remainder when 1653058 is divided by 392?
386
What is the remainder when 129303 is divided by 129219?
84
What is the remainder when 58962685 is divided by 249?
232
Calculate the remainder when 321546 is divided by 19.
9
Calculate the remainder when 24999486 is divided by 2927.
2906
Calculate the remainder when 6213 is divided by 1160.
413
What is the remainder when 6246 is divided by 2198?
1850
What is the remainder when 75606 is divided by 14613?
2541
What is the remainder when 153136 is divided by 1126?
0
Calculate the remainder when 705465 is divided by 705391.
74
What is the remainder when 1466762 is divided by 25287?
116
Calculate the remainder when 256018 is 